{"version":"1.0","provider_name":"Kosmetikfuchs Magazin","provider_url":"https:\/\/www.kosmetikfuchs.de\/magazin","author_name":"Sabrina G\u00e4lweiler","author_url":"https:\/\/www.kosmetikfuchs.de\/magazin\/author\/sabrina\/","title":"Faszination Aloe vera - Kosmetikfuchs Magazin","type":"rich","width":600,"height":338,"html":"<blockquote class=\"wp-embedded-content\" data-secret=\"plABFc5mgq\"><a href=\"https:\/\/www.kosmetikfuchs.de\/magazin\/faszination-aloe-vera\/\">Faszination Aloe vera<\/a><\/blockquote><iframe sandbox=\"allow-scripts\" security=\"restricted\" src=\"https:\/\/www.kosmetikfuchs.de\/magazin\/faszination-aloe-vera\/embed\/#?secret=plABFc5mgq\" width=\"600\" height=\"338\" title=\"&#8222;Faszination Aloe vera&#8220; &#8212; Kosmetikfuchs Magazin\" data-secret=\"plABFc5mgq\" frameborder=\"0\" marginwidth=\"0\" marginheight=\"0\" scrolling=\"no\" class=\"wp-embedded-content\"><\/iframe><script type=\"text\/javascript\">\n\/* <![CDATA[ *\/\n\/*! This file is auto-generated *\/\n!function(d,l){\"use strict\";l.querySelector&&d.addEventListener&&\"undefined\"!=typeof URL&&(d.wp=d.wp||{},d.wp.receiveEmbedMessage||(d.wp.receiveEmbedMessage=function(e){var t=e.data;if((t||t.secret||t.message||t.value)&&!\/[^a-zA-Z0-9]\/.test(t.secret)){for(var s,r,n,a=l.querySelectorAll('iframe[data-secret=\"'+t.secret+'\"]'),o=l.querySelectorAll('blockquote[data-secret=\"'+t.secret+'\"]'),c=new RegExp(\"^https?:$\",\"i\"),i=0;i<o.length;i++)o[i].style.display=\"none\";for(i=0;i<a.length;i++)s=a[i],e.source===s.contentWindow&&(s.removeAttribute(\"style\"),\"height\"===t.message?(1e3<(r=parseInt(t.value,10))?r=1e3:~~r<200&&(r=200),s.height=r):\"link\"===t.message&&(r=new URL(s.getAttribute(\"src\")),n=new URL(t.value),c.test(n.protocol))&&n.host===r.host&&l.activeElement===s&&(d.top.location.href=t.value))}},d.addEventListener(\"message\",d.wp.receiveEmbedMessage,!1),l.addEventListener(\"DOMContentLoaded\",function(){for(var e,t,s=l.querySelectorAll(\"iframe.wp-embedded-content\"),r=0;r<s.length;r++)(t=(e=s[r]).getAttribute(\"data-secret\"))||(t=Math.random().toString(36).substring(2,12),e.src+=\"#?secret=\"+t,e.setAttribute(\"data-secret\",t)),e.contentWindow.postMessage({message:\"ready\",secret:t},\"*\")},!1)))}(window,document);\n\/* ]]> *\/\n<\/script>\n","thumbnail_url":"https:\/\/www.kosmetikfuchs.de\/magazin\/wp-content\/uploads\/2022\/09\/GGK_2-Phasen-Aloe-vera-Gesichtsoel2-1024x683.jpg","thumbnail_width":1024,"thumbnail_height":683,"description":"\u00ab Aloe vera Gel f\u00fcr die nat\u00fcrliche Hautpflege \u00bb Ob bei trockener und gestresster Haut, bei Sonnenbrand oder Pickeln \u2013 das Gel in der Aloe vera Pflanze ist ein echter Allesk\u00f6nner. Bereits seit Jahrhunderten wird die W\u00fcstenlilie f\u00fcr Haut und Haar verwendet und gilt als wichtiger Feuchtigkeitslieferant. Wie genau das Gel der Pflanze wirkt und &hellip;"}

Sabrina Gälweiler

« Aloe vera Gel für die natürliche Hautpflege » Ob bei trockener und gestresster Haut, bei Sonnenbrand oder Pickeln – das Gel in der Aloe vera Pflanze ist ein echter Alleskönner. Bereits seit Jahrhunderten wird die Wüstenlilie für Haut und Haar verwendet und gilt als wichtiger Feuchtigkeitslieferant. Wie genau das Gel der Pflanze wirkt und &hellip;
